3) - 1
-3
Evaluate 99 + -105 + 8 + -1.
1
What is the value of (3 - ((4 - 3) + -1)) + -8?
-5
Calculate -4 + (1 - (-6 - -3 - -1)).
-1
What is the value of 0 - -1 - (-3 + 8 + -1)?
-3
Calculate (10 - 8) + (-1 - 0) + 6.
7
What is -18 + 16 - (-1 - -4)?
-5
(-4 - -2) + (1 + 5 - 0)
4
What is 0 + -1 + -2 + (1 - -1)?
-1
What is 0 - (-7 + 3 + 5 + 3)?
-4
Calculate 1 + (-10 - (-5 + 0)).
-4
Evaluate (8 + -4 - (2 + -1)) + 0.
3
What is -4 - (2 - (-4 - -3 - -4))?
-3
What is the value of 5 + 2 + (-5 - -4) + -6?
0
Evaluate 5 + 2 + 0 + -14 + 8.
1
What is -2 + (1 - -2) + (-18 - -10)?
-7
What is -1 + 0 + -2 + 0 + -2?
-5
What is the value of 6 - (-4 - -8 - -1)?
1
Calculate (7 - (-10 + 21)) + 5.
1
4 + -6 + (-4 - (6 - 12))
0
Evaluate (-4 - 2 - (-11 - -1)) + -9.
-5
Calculate (6 - -1 - 3) + -6.
-2
What is (-2 + 4 - 3) + (-13 - -12)?
-2
What is -1 + (4 - -1) + (-1 - 0)?
3
What is the value of (5 - 1 - -2) + (1 - 3)?
4
What is the value of 20 - (0 + 16) - (8 - -1)?
-5
What is the value of 3 + (5 + 0 - (4 - -5))?
-1
What is 1 + (0 - 1 - (5 + -3))?
-2
4 + (-5 - -3 - (1 + -3))
4
Calculate 27 + -24 + (-2 - (-1 + -2)).
4
Calculate (6 - 3) + 0 + -5 + 2.
0
What is the value of (-3 - -3) + 0 - (-5 - -2)?
3
Calculate -1 - 1 - (-33 + 36).
-5
What is the value of -7 + 14 + -14 + (7 - 1)?
-1
What is 6 + 3 + 1 - 20?
-10
Evaluate 3 + (2 - (1 + 4)).
0
What is the value of -2 + (-15 + 24 - 7)?
0
Evaluate 4 + -15 + (5 - 1).
-7
What is 7 + (-5 - 5) + 2?
-1
Calculate -3 - 0 - -2 - (5 - 3).
-3
What is the value of -17 - -18 - (0 - -5)?
-4
What is the value of (-8 - -9) + (3 - -4)?
8
(-5 - (3 + -7)) + 6
5
Calculate 6 + 6 + -1 + -5.
6
4 - 5 - -3 - (0 - -2)
0
What is the value of -1 + 1 + 0 + 5?
5
What is -1 - ((-4 + 5 - 1) + 4)?
-5
What is the value of (-12 - -10) + -3 + (0 - -1)?
-4
What is 0 + -1 + (5 - 2)?
2
Calculate -5 + -1 + 3 + 4.
1
What is the value of 2 + -5 - -6 - 0?
3
Evaluate (-6 - -1) + 5 - (3 + -1).
-2
What is 3 + -1 - (-1 - -5)?
-2
11 + -15 + 7 - (-2 + 9)
-4
What is the value of (0 - 6) + 4 + -3?
-5
What is the value of -8 - (-1 + -2 + -1)?
-4
-1 + -3 + 1 + 1
-2
(0 - (-10 + 8)) + -1 + 6
7
What is the value of 15 + -8 + 0 + -3?
4
What is (3 + -4 - -3) + (-5 - -3)?
0
Evaluate 1 + 0 + (0 - -2 - 3).
0
Evaluate -2 - (-2 - 5 - -3).
2
Calculate 0 + 3 - (0 + (-2 - -3)).
2
-12 + (11 + 9 - 12)
-4
Evaluate 18 + -21 - (1 - (0 + -1)).
-5
What is the value of (2 - (-9 + 15)) + 6?
2
Evaluate 0 + 1 + 0 + 0 - 3.
-2
What is (90 + -89 - (-5 - -1)) + 1?
6
4 + -1 - (1 + 3 + 3)
-4
Evaluate 54 - 64 - (-6 + 1).
-5
Evaluate 0 - -4 - (4 + 5).
-5
13 - (0 - (6 + -13))
6
Evaluate 1 - ((1 - (2 - 9)) + -2).
-5
-5 + 4 + -4 + 2
-3
Calculate -1 + -2 - (-263 - -262).
-2
4 - (3 + (-4 - 3)) - 4
4
What is the value of (-2 - -1) + -4 + 3 + -1?
-3
Evaluate -22 + (-2 - -13) - -12.
1
What is the value of (-7 - -2 - -2) + (4 - 1)?
0
6 + 5 - 4 - (4 + 0)
3
Evaluate (-5 - (-4 + 5)) + 8 - 4.
-2
Evaluate (-2 - -1) + (1 - (0 + -1)).
1
What is -8 + (-1 - -2 - 3) + 1?
-9
Evaluate -3 + 11 + 5 - 2 - 2.
9
2 + 1 + -3 + -1
-1
What is the value of 2 - 9 - (4 + -16)?
5
Calculate 2 + -1 + -1 + (-3 - -1).
-2
Evaluate 1 + -2 - (13 + -7) - -2.
-5
Calculate -7 + (5 - (3 + -2)) + 8.
5
(-10 - (-15 + 10)) + 12
7
Calculate 1 + 2 + (0 - 4).
-1
Calculate (-2 - -3) + 5 + -1.
5
Calculate (5 - (2 - 2) - 2) + -9.
-6
What is the value of -5 + (-2 - (-7 - -1))?
-1
What is -1 + 0 + -7 + 16?
8
What is the value of 0 - (0 - (-5 - -3))?
-2
(2 - 1 - 1) + 2 + -2
0
What is -4 - (5 - (-1 + 7))?
-3
What is the value of 6 - (3 + (-2 - (-3 - -1)))?
3
Evaluate -3 + 0 + (3 - 3).
-3
What is -8 + 4 - (4 + -10)?
2
What is the value of (-5 + 2 + -3 - -3) + 3?
0
What is 9 + -10 + 7 + -12?
-6
What is 13 + (-4 - -2) - 6?
5
Calculate (-3 - (0 - 1)) + 7 + -1.
4
Evaluate -4 - 0 - -3 - (2 - 0).
-3
Calculate 4 - (6 + -6 + 9 + -10).
5
What is (0 - -1) + 24 + -21?
4
Calculate 0 - (0 - -1) - -4.
3
What is the value of (8 + -5 - -5) + -10?
-2
Evaluate 24 + -8 - (0 - -10).
6
Calculate 48 + -48 + -1 + 1 + 0.
0
What is 1 - 2 - (-5 + 0 - -1)?
3
(0 - (-3 + -1)) + -4
0
What is 1 + (-3 - 2) + (375 - 373)?
-2
Evaluate -13 + 16 - (-5 - (-1 - 1)).
6
What is 2 + 8 + -3 + (0 - 2)?
5
Calculate 4 + (3 + -2 - (18 - 18)).
5
What is the value of -5 + 12 + -3 + -2?
2
What is (8 - (1 + 3)) + -4?
0
0 + (3 - (4 + -7 + 1))
5
4 + 0 - -3 - 5
2
Calculate 0 - 3 - (-1 + (0 - 2)).
0
What is 2 - (-1 + 1 - (7 + -6))?
3
Evaluate (1 - 1) + 2 + (-17 - -18).
3
Calculate 1 + (1 - 4) - 4.
-6
What is the value of 4 - (-3 - -11) - (3 - 1)?
-6
What is the value of (-20 - -34) + (1 - 10)?
5
What is the value of -2 - (-2 + -4 + 7)?
-3
Evaluate (79 - 59) + (1 - 15).
6
Evaluate -2 + 0 + (-1 - (-4 - -4)).
-3
Evaluate 0 + -2 + (12 - 6).
4
17 - 7 - (1 + 5)
4
Evaluate (3 - (-6 - 0)) + -4.
5
What is the value of 6 + (-8 - -2) + -7 + 1?
-6
Evaluate -2 + 4 + 1 + (-1 - 1).
1
Evaluate -23 + 17 - 1 - (3 - -1).
-11
Evaluate -1 - (-5 - -8) - -4.
0
What is the value of 6 + -14 + 9 + -4 + 2?
-1
What is the value of -1 + (-3 - (-6 - -6))?
-4
What is 1 + -6 + 43 + -43?
-5
(-5 - (-3 - 7)) + -11
-6
What is -43 + 59 + 1 + -9?
8
-4 - -1 - (-11 - 1) - 4
5
What is the value of -7 + (8 - (0 + 4))?
-3
What is the value of -1 - (-8 - -3) - 3?
1
What is the value of -1 + 4 - 2 - (394 + -387)?
-6
Evaluate (-6 - -3) + 4 + -6.
-5
What is the value of -7 - (-10 + -3) - 12?
-6
What is -5 - (1 - 0) - (-44 - -38)?
0
Calculate 0 + 2 + (2 + -4 - -4).
4
(-1 - 8) + (-5 - -15)
1
Calculate (2 - (1 - 0) - -2) + 2.
5
What is 1 - 4 - (9 + -19 + 7)?
0
(-1 - 0) + (6 - 4)
1
What is (7 + (6 - 4) - 3) + 0?
6
What is the value of 32 + -33 + (-2 - 3)?
-6
Calculate 0 + 1 - 3 - (5 + -5).
-2
What is the value of 1 - (-9 + 18) - -8?
0
Calculate 3 + -6 + 0 - (1 - 2).
-2
Calculate 1 - (6 - (0 + (4 - 0))).
-1
What is the value of 11 + -11 - (3 - (1 + -2))?
-4
Evaluate -4 - 0 - (7 - 8) - -6.
3
What is -7 - 0 - (-2 - 6)?
1
What is the value of 5 + (-1 - 0) + -1 + 1?
4
What is -4 + -1 - (-11 - -8)?
-2
Calculate 10 + -4 + -2 - (-3 - -2).
5
What is 8 + 0 + -11 + 6 - -2?
5
What is (-7 - -18 - (-4 + 7)) + -3?
5
What is 1 - 0 - -7 - (12 - 1)?
-3
Calculate 2 + (-4 - 3 - -1).
-4
What is the value of -7 + 8 - (5 - 3)?
-1
Calculate 5 - (1 + -6 + 2 + 2).
6
Calculate (9 - (2 + 3)) + -1.
3
Evaluate (-5 - -4) + 1 + 2.
2
1 + -11 + (9 - -6)
5
Evaluate (0 - (7 + -17)) + -14.
-4
What is the value of 1 + 5 + -3 + -7?
-4
(19 - (3 - -3)) + -12
1
Evaluate -1 - (12 + (2 - 4)).
-11
Calculate 1 + -4 + (3 - 0).
0
Calculate -34 + 35 + (-2 - 0 - 7).
-8
-1 + -3 - (1 + -3 + 1)
-3
Evaluate (2 + -1 - -13) + -8.
6
What is the value of 1 + 2 - (-10 + 15)?
-2
What is the value of -2 - -16 - (12 + -2)?
4
What is the value of -5 + 4 - (-1 - -1)?
-1
Calculate 18 + -22 - (-3 + 5).
-6
1 + 5 - (2 + (7 - 7))
4
What is 3 - (5 - 5 - (2 + 1))?
6
-6 + (-8 - -5) + 5
-4
Evaluate 0 - (0 - ((-1 - 6) + 3)).
-4
What is 0 - (0 + 3 - 7)?
4
Calculate (-2 - 1) + (9 - 6) + 3.
3
Calculate 0 + 4 + (-6 - (-4 - 4)).
6
What is 3 - (-7 + 12 + 8)?
-10
What is 7 + 2 + -11 + 0?
-2
Calculate (9 - 5) + (-2 - (2 - 6)).
6
1 + -1 + -2 + 4 + -2
0
What is -7 + 2 + (28 - 31)?
-8
Evaluate (-9 + 2 - 2) + 6.
-3
What is the value of -1 + -4 + 1 - (-6 - -3)?
-1
2 + -9 + 4 - (-2 + 1)
-2
What is the value of 3 - (6 - (-2 + 10))?
5
What is 1 + 0 + 2 - 4?
-1
Evaluate (0 - -2 - 2) + -5 + 2.
-3
3 - (3 - (-7 + (9 - 5)))
-3
Calculate -7 - -3 - (6 + 4 + -6).
-8
Calculate 1 + 6 - (19 + -11).
-1
What is the value of -5 + 6 - (-4 - -3)?
2
What is -5 - 2 - (-26 + 16)?
3
Calculate (-9 - -3) + 14 - 9.
-1
What is the value of -9 + 3 + (1 - 0)?
-5
Evaluate 3 - (-2 - -6) - (3 + -5).
1
What is the value of (12 - 5 - 16) + 0?
-9
Calculate 2 + (-2 - 1) + (-4 - -7).
2
What is the value of 11 + -24 + 11 - (-3 - 1)?
2
Calculate -2 + (5 + -2 - (0 - 1)).
2
Calculate -2 - -2 - (2 - (10 + -1)).
7
What is -2 - (10 - 19) - 12?
-5
What is (-6 - -1) + -14 + 14?
-5
Evaluate -6 - -2 - ((-5 - -1) + 4).
-4
Evaluate 21 + (-15 - 7) + 6 + 1.
6
Evaluate -4 - (-4 + (-2 - -5) + 1).
-4
What is the value of 0 - 0 - (-32 + (-27 - -51))?
8
Evaluate -1 + -1 - (-6 + 2 + 7).
-5
8 - (11 + 4) - (2 - 5)
-4
Evaluate -8 - -5 - (1 + 0).
-4
What is the value of (6 - (3 + -1)) + -2 - -4?
6
1 + (1 - 9) + 3 + 2
-2
3 - 3 - (4 - 4)
0
(-4 - (-3 + (4 - 1))) + 1
-3
Evaluate -2 - (-2 - -3) - -2.
-1
What is 3 + -2 - (